{"id":5325,"date":"2025-09-29T11:00:37","date_gmt":"2025-09-29T09:00:37","guid":{"rendered":"https:\/\/sar.fr\/produit\/ecolack-airlack\/"},"modified":"2025-11-05T11:51:47","modified_gmt":"2025-11-05T10:51:47","slug":"ecolack-airlack","status":"publish","type":"produit","link":"https:\/\/sar.fr\/es\/produit\/ecolack-airlack\/","title":{"rendered":"ECOLACK"},"content":{"rendered":"\n<p>Nuestros productos de color Ecolack (Airlack) est\u00e1n formulados a partir de productos certificados NF.<\/p>\n\n<p>El uso de productos de color debe seguir ciertas reglas. <\/p>\n\n<div style=\"height:20px\" aria-hidden=\"true\" class=\"wp-block-spacer\"><\/div>\n\n<h3 class=\"wp-block-heading\">En las calzadas de carreteras conforme a la 7.\u00aa parte de la IISR (Instrucci\u00f3n francesa interministerial sobre la se\u00f1alizaci\u00f3n de carreteras) y la Circular de 16 de mayo de 1996: <\/h3>\n\n<ul class=\"wp-block-list\">\n<li>Marcado temporal (certificaci\u00f3n \u201cT o TE\u201d) para obras de construcci\u00f3n: amarillo retrorreflectante<\/li>\n\n\n\n<li>Marcado permanente (certificaci\u00f3n \u201cRH o H\u201d) para zonas de entrega, paradas de autob\u00fas o prohibido estacionar: Amarillo 1023<\/li>\n\n\n\n<li>Estacionamiento limitado: Azul 5012<\/li>\n\n\n\n<li>Rampa de escape de emergencia: Rojo 3020<\/li>\n\n\n\n<li>Enmascarado: Gris 7043 &#8211; Negro 9017<\/li>\n\n\n\n<li>Mejora del contraste: Negro 9017<\/li>\n\n\n\n<li>Identificaci\u00f3n de espacios no circulados: Arena 1001 \u2013 Ocre 1024 \u2013 \u00d3xido rojo 3009<\/li>\n\n\n\n<li>Carriles bici: Verde 6018 y 6024<\/li>\n<\/ul>\n\n<div style=\"height:40px\" aria-hidden=\"true\" class=\"wp-block-spacer\"><\/div>\n\n<h3 class=\"wp-block-heading\">En pavimentos de aeropuertos con certificado conforme a la normativa de la OACI (Organizaci\u00f3n de Aviaci\u00f3n Civil Internacional):<\/h3>\n\n<ul class=\"wp-block-list\">\n<li>Amarillo 1023<\/li>\n\n\n\n<li>Naranja 2009 <\/li>\n\n\n\n<li>Rojo 3020<\/li>\n\n\n\n<li>Azul 5012<\/li>\n\n\n\n<li>Azul 5015<\/li>\n\n\n\n<li>Verde 6010<\/li>\n\n\n\n<li>Verde 6024<\/li>\n\n\n\n<li>Gris 7043<\/li>\n\n\n\n<li>Blanco 9016,<\/li>\n\n\n\n<li>Negro 9017<\/li>\n<\/ul>\n\n<div style=\"height:40px\" aria-hidden=\"true\" class=\"wp-block-spacer\"><\/div>\n\n<p>Pour connaitre les RAL r\u00e9glementaires certifi\u00e9s par l\u2019Organisation de l\u2019Aviation Civile Internationale (OACI), consultez la fiche produit.<\/p>\n","protected":false},"featured_media":0,"template":"","type-marquage":[579],"categorie-produit":[566],"gamme-produit":[117],"class_list":["post-5325","produit","type-produit","status-publish","hentry","type-marquage-pintura-a-base-de-disolvente-colores","categorie-produit-producto-de-marcado","gamme-produit-france"],"acf":[],"yoast_head":"<!-- This site is optimized with the Yoast SEO plugin v27.4 - https:\/\/yoast.com\/product\/yoast-seo-wordpress\/ -->\n<title>ECOLACK - SAR<\/title>\n<meta name=\"description\" content=\"Nuestros productos de color Ecolack (Airlack) est\u00e1n formulados a partir de productos certificados NF.\" \/>\n<meta name=\"robots\" content=\"index, follow, max-snippet:-1, max-image-preview:large, max-video-preview:-1\" \/>\n<link rel=\"canonical\" href=\"https:\/\/sar.fr\/es\/produit\/ecolack-airlack\/\" \/>\n<meta property=\"og:locale\" content=\"es_ES\" \/>\n<meta property=\"og:type\" content=\"article\" \/>\n<meta property=\"og:title\" content=\"ECOLACK - SAR\" \/>\n<meta property=\"og:description\" content=\"Nuestros productos de color Ecolack (Airlack) est\u00e1n formulados a partir de productos certificados NF.\" \/>\n<meta property=\"og:url\" content=\"https:\/\/sar.fr\/es\/produit\/ecolack-airlack\/\" \/>\n<meta property=\"og:site_name\" content=\"SAR\" \/>\n<meta property=\"article:modified_time\" content=\"2025-11-05T10:51:47+00:00\" \/>\n<meta name=\"twitter:card\" content=\"summary_large_image\" \/>\n<meta name=\"twitter:label1\" content=\"Tiempo de lectura\" \/>\n\t<meta name=\"twitter:data1\" content=\"1 minuto\" \/>\n<script type=\"application\/ld+json\" class=\"yoast-schema-graph\">{\"@context\":\"https:\\\/\\\/schema.org\",\"@graph\":[{\"@type\":\"WebPage\",\"@id\":\"https:\\\/\\\/sar.fr\\\/es\\\/produit\\\/ecolack-airlack\\\/\",\"url\":\"https:\\\/\\\/sar.fr\\\/es\\\/produit\\\/ecolack-airlack\\\/\",\"name\":\"ECOLACK - SAR\",\"isPartOf\":{\"@id\":\"https:\\\/\\\/sar.fr\\\/#website\"},\"datePublished\":\"2025-09-29T09:00:37+00:00\",\"dateModified\":\"2025-11-05T10:51:47+00:00\",\"description\":\"Nuestros productos de color Ecolack (Airlack) est\u00e1n formulados a partir de productos certificados NF.\",\"breadcrumb\":{\"@id\":\"https:\\\/\\\/sar.fr\\\/es\\\/produit\\\/ecolack-airlack\\\/#breadcrumb\"},\"inLanguage\":\"es\",\"potentialAction\":[{\"@type\":\"ReadAction\",\"target\":[\"https:\\\/\\\/sar.fr\\\/es\\\/produit\\\/ecolack-airlack\\\/\"]}]},{\"@type\":\"BreadcrumbList\",\"@id\":\"https:\\\/\\\/sar.fr\\\/es\\\/produit\\\/ecolack-airlack\\\/#breadcrumb\",\"itemListElement\":[{\"@type\":\"ListItem\",\"position\":1,\"name\":\"Accueil\",\"item\":\"https:\\\/\\\/sar.fr\\\/\"},{\"@type\":\"ListItem\",\"position\":2,\"name\":\"Produits\",\"item\":\"https:\\\/\\\/sar.fr\\\/produit\\\/\"},{\"@type\":\"ListItem\",\"position\":3,\"name\":\"ECOLACK\"}]},{\"@type\":\"WebSite\",\"@id\":\"https:\\\/\\\/sar.fr\\\/#website\",\"url\":\"https:\\\/\\\/sar.fr\\\/\",\"name\":\"Sar\",\"description\":\"\",\"publisher\":{\"@id\":\"https:\\\/\\\/sar.fr\\\/#organization\"},\"potentialAction\":[{\"@type\":\"SearchAction\",\"target\":{\"@type\":\"EntryPoint\",\"urlTemplate\":\"https:\\\/\\\/sar.fr\\\/?s={search_term_string}\"},\"query-input\":{\"@type\":\"PropertyValueSpecification\",\"valueRequired\":true,\"valueName\":\"search_term_string\"}}],\"inLanguage\":\"es\"},{\"@type\":\"Organization\",\"@id\":\"https:\\\/\\\/sar.fr\\\/#organization\",\"name\":\"Sar\",\"url\":\"https:\\\/\\\/sar.fr\\\/\",\"logo\":{\"@type\":\"ImageObject\",\"inLanguage\":\"es\",\"@id\":\"https:\\\/\\\/sar.fr\\\/#\\\/schema\\\/logo\\\/image\\\/\",\"url\":\"\",\"contentUrl\":\"\",\"caption\":\"Sar\"},\"image\":{\"@id\":\"https:\\\/\\\/sar.fr\\\/#\\\/schema\\\/logo\\\/image\\\/\"}}]}<\/script>\n<!-- \/ Yoast SEO plugin. -->","yoast_head_json":{"title":"ECOLACK - SAR","description":"Nuestros productos de color Ecolack (Airlack) est\u00e1n formulados a partir de productos certificados NF.","robots":{"index":"index","follow":"follow","max-snippet":"max-snippet:-1","max-image-preview":"max-image-preview:large","max-video-preview":"max-video-preview:-1"},"canonical":"https:\/\/sar.fr\/es\/produit\/ecolack-airlack\/","og_locale":"es_ES","og_type":"article","og_title":"ECOLACK - SAR","og_description":"Nuestros productos de color Ecolack (Airlack) est\u00e1n formulados a partir de productos certificados NF.","og_url":"https:\/\/sar.fr\/es\/produit\/ecolack-airlack\/","og_site_name":"SAR","article_modified_time":"2025-11-05T10:51:47+00:00","twitter_card":"summary_large_image","twitter_misc":{"Tiempo de lectura":"1 minuto"},"schema":{"@context":"https:\/\/schema.org","@graph":[{"@type":"WebPage","@id":"https:\/\/sar.fr\/es\/produit\/ecolack-airlack\/","url":"https:\/\/sar.fr\/es\/produit\/ecolack-airlack\/","name":"ECOLACK - SAR","isPartOf":{"@id":"https:\/\/sar.fr\/#website"},"datePublished":"2025-09-29T09:00:37+00:00","dateModified":"2025-11-05T10:51:47+00:00","description":"Nuestros productos de color Ecolack (Airlack) est\u00e1n formulados a partir de productos certificados NF.","breadcrumb":{"@id":"https:\/\/sar.fr\/es\/produit\/ecolack-airlack\/#breadcrumb"},"inLanguage":"es","potentialAction":[{"@type":"ReadAction","target":["https:\/\/sar.fr\/es\/produit\/ecolack-airlack\/"]}]},{"@type":"BreadcrumbList","@id":"https:\/\/sar.fr\/es\/produit\/ecolack-airlack\/#breadcrumb","itemListElement":[{"@type":"ListItem","position":1,"name":"Accueil","item":"https:\/\/sar.fr\/"},{"@type":"ListItem","position":2,"name":"Produits","item":"https:\/\/sar.fr\/produit\/"},{"@type":"ListItem","position":3,"name":"ECOLACK"}]},{"@type":"WebSite","@id":"https:\/\/sar.fr\/#website","url":"https:\/\/sar.fr\/","name":"Sar","description":"","publisher":{"@id":"https:\/\/sar.fr\/#organization"},"potentialAction":[{"@type":"SearchAction","target":{"@type":"EntryPoint","urlTemplate":"https:\/\/sar.fr\/?s={search_term_string}"},"query-input":{"@type":"PropertyValueSpecification","valueRequired":true,"valueName":"search_term_string"}}],"inLanguage":"es"},{"@type":"Organization","@id":"https:\/\/sar.fr\/#organization","name":"Sar","url":"https:\/\/sar.fr\/","logo":{"@type":"ImageObject","inLanguage":"es","@id":"https:\/\/sar.fr\/#\/schema\/logo\/image\/","url":"","contentUrl":"","caption":"Sar"},"image":{"@id":"https:\/\/sar.fr\/#\/schema\/logo\/image\/"}}]}},"_links":{"self":[{"href":"https:\/\/sar.fr\/es\/wp-json\/wp\/v2\/produit\/5325","targetHints":{"allow":["GET"]}}],"collection":[{"href":"https:\/\/sar.fr\/es\/wp-json\/wp\/v2\/produit"}],"about":[{"href":"https:\/\/sar.fr\/es\/wp-json\/wp\/v2\/types\/produit"}],"wp:attachment":[{"href":"https:\/\/sar.fr\/es\/wp-json\/wp\/v2\/media?parent=5325"}],"wp:term":[{"taxonomy":"type-marquage","embeddable":true,"href":"https:\/\/sar.fr\/es\/wp-json\/wp\/v2\/type-marquage?post=5325"},{"taxonomy":"categorie-produit","embeddable":true,"href":"https:\/\/sar.fr\/es\/wp-json\/wp\/v2\/categorie-produit?post=5325"},{"taxonomy":"gamme-produit","embeddable":true,"href":"https:\/\/sar.fr\/es\/wp-json\/wp\/v2\/gamme-produit?post=5325"}],"curies":[{"name":"wp","href":"https:\/\/api.w.org\/{rel}","templated":true}]}}

<p>Nuestros productos de color Ecolack (Airlack) están formulados a partir de productos certificados NF.</p>

<p>El uso de productos de color debe seguir ciertas reglas. </p>

<div style="height:20px" aria-hidden="true" class="wp-block-spacer"></div>

<h3 class="wp-block-heading">En las calzadas de carreteras conforme a la 7.ª parte de la IISR (Instrucción francesa interministerial sobre la señalización de carreteras) y la Circular de 16 de mayo de 1996: </h3>

<ul class="wp-block-list">
<li>Marcado temporal (certificación “T o TE”) para obras de construcción: amarillo retrorreflectante</li>



<li>Marcado permanente (certificación “RH o H”) para zonas de entrega, paradas de autobús o prohibido estacionar: Amarillo 1023</li>



<li>Estacionamiento limitado: Azul 5012</li>



<li>Rampa de escape de emergencia: Rojo 3020</li>



<li>Enmascarado: Gris 7043 &#8211; Negro 9017</li>



<li>Mejora del contraste: Negro 9017</li>



<li>Identificación de espacios no circulados: Arena 1001 – Ocre 1024 – Óxido rojo 3009</li>



<li>Carriles bici: Verde 6018 y 6024</li>
</ul>

<div style="height:40px" aria-hidden="true" class="wp-block-spacer"></div>

<h3 class="wp-block-heading">En pavimentos de aeropuertos con certificado conforme a la normativa de la OACI (Organización de Aviación Civil Internacional):</h3>

<ul class="wp-block-list">
<li>Amarillo 1023</li>



<li>Naranja 2009 </li>



<li>Rojo 3020</li>



<li>Azul 5012</li>



<li>Azul 5015</li>



<li>Verde 6010</li>



<li>Verde 6024</li>



<li>Gris 7043</li>



<li>Blanco 9016,</li>



<li>Negro 9017</li>
</ul>

<div style="height:40px" aria-hidden="true" class="wp-block-spacer"></div>

<p>Pour connaitre les RAL réglementaires certifiés par l’Organisation de l’Aviation Civile Internationale (OACI), consultez la fiche produit.</p>

<!-- This site is optimized with the Yoast SEO plugin v27.4 - https://yoast.com/product/yoast-seo-wordpress/ -->
<title>ECOLACK - SAR</title>
<meta name="description" content="Nuestros productos de color Ecolack (Airlack) están formulados a partir de productos certificados NF." />
<meta name="robots" content="index, follow, max-snippet:-1, max-image-preview:large, max-video-preview:-1" />
<link rel="canonical" href="https://sar.fr/es/produit/ecolack-airlack/" />
<meta property="og:locale" content="es_ES" />
<meta property="og:type" content="article" />
<meta property="og:title" content="ECOLACK - SAR" />
<meta property="og:description" content="Nuestros productos de color Ecolack (Airlack) están formulados a partir de productos certificados NF." />
<meta property="og:url" content="https://sar.fr/es/produit/ecolack-airlack/" />
<meta property="og:site_name" content="SAR" />
<meta property="article:modified_time" content="2025-11-05T10:51:47+00:00" />
<meta name="twitter:card" content="summary_large_image" />
<meta name="twitter:label1" content="Tiempo de lectura" />
	<meta name="twitter:data1" content="1 minuto" />
<script type="application/ld+json" class="yoast-schema-graph">{"@context":"https:\/\/schema.org","@graph":[{"@type":"WebPage","@id":"https:\/\/sar.fr\/es\/produit\/ecolack-airlack\/","url":"https:\/\/sar.fr\/es\/produit\/ecolack-airlack\/","name":"ECOLACK - SAR","isPartOf":{"@id":"https:\/\/sar.fr\/#website"},"datePublished":"2025-09-29T09:00:37+00:00","dateModified":"2025-11-05T10:51:47+00:00","description":"Nuestros productos de color Ecolack (Airlack) están formulados a partir de productos certificados NF.","breadcrumb":{"@id":"https:\/\/sar.fr\/es\/produit\/ecolack-airlack\/#breadcrumb"},"inLanguage":"es","potentialAction":[{"@type":"ReadAction","target":["https:\/\/sar.fr\/es\/produit\/ecolack-airlack\/"]}]},{"@type":"BreadcrumbList","@id":"https:\/\/sar.fr\/es\/produit\/ecolack-airlack\/#breadcrumb","itemListElement":[{"@type":"ListItem","position":1,"name":"Accueil","item":"https:\/\/sar.fr\/"},{"@type":"ListItem","position":2,"name":"Produits","item":"https:\/\/sar.fr\/produit\/"},{"@type":"ListItem","position":3,"name":"ECOLACK"}]},{"@type":"WebSite","@id":"https:\/\/sar.fr\/#website","url":"https:\/\/sar.fr\/","name":"Sar","description":"","publisher":{"@id":"https:\/\/sar.fr\/#organization"},"potentialAction":[{"@type":"SearchAction","target":{"@type":"EntryPoint","urlTemplate":"https:\/\/sar.fr\/?s={search_term_string}"},"query-input":{"@type":"PropertyValueSpecification","valueRequired":true,"valueName":"search_term_string"}}],"inLanguage":"es"},{"@type":"Organization","@id":"https:\/\/sar.fr\/#organization","name":"Sar","url":"https:\/\/sar.fr\/","logo":{"@type":"ImageObject","inLanguage":"es","@id":"https:\/\/sar.fr\/#\/schema\/logo\/image\/","url":"","contentUrl":"","caption":"Sar"},"image":{"@id":"https:\/\/sar.fr\/#\/schema\/logo\/image\/"}}]}</script>
<!-- / Yoast SEO plugin. -->

Nuestros productos de color Ecolack (Airlack) están formulados a partir de productos certificados NF.
